{"id":82,"date":"2018-03-27T13:58:12","date_gmt":"2018-03-27T11:58:12","guid":{"rendered":"http:\/\/naturalife.be\/?page_id=82"},"modified":"2018-04-02T21:13:39","modified_gmt":"2018-04-02T19:13:39","slug":"services","status":"publish","type":"page","link":"https:\/\/naturalife.be\/?page_id=82","title":{"rendered":"Services"},"content":{"rendered":"<p><img loading=\"lazy\" class=\"wp-image-164 alignright\" src=\"http:\/\/naturalife.be\/wp-content\/uploads\/2018\/03\/22553409_1026667570806239_1834499587_o.jpg\" alt=\"\" width=\"392\" height=\"523\" srcset=\"https:\/\/naturalife.be\/wp-content\/uploads\/2018\/03\/22553409_1026667570806239_1834499587_o.jpg 1440w, https:\/\/naturalife.be\/wp-content\/uploads\/2018\/03\/22553409_1026667570806239_1834499587_o-225x300.jpg 225w, https:\/\/naturalife.be\/wp-content\/uploads\/2018\/03\/22553409_1026667570806239_1834499587_o-768x1024.jpg 768w, https:\/\/naturalife.be\/wp-content\/uploads\/2018\/03\/22553409_1026667570806239_1834499587_o-270x360.jpg 270w\" sizes=\"(max-width: 392px) 100vw, 392px\" \/><\/p>\n<ul>\n<li style=\"text-align: left;\">Cr\u00e9ation de jardin\n<ul>\n<li>Cl\u00f4tures<\/li>\n<li>plantations<\/li>\n<li>Terrassement<img loading=\"lazy\" class=\"wp-image-74 alignright\" src=\"http:\/\/naturalife.be\/wp-content\/uploads\/2018\/03\/22553409_1026667570806239_1834499587_o-1-225x300.jpg\" alt=\"\" width=\"448\" height=\"597\" \/><\/li>\n<li>Gazon en rouleaux \/ semis<\/li>\n<li>Gazon synth\u00e9tique<\/li>\n<li>etc,&#8230;<\/li>\n<\/ul>\n<\/li>\n<li style=\"list-style-type: none;\"><\/li>\n<\/ul>\n<ul style=\"text-align: left;\">\n<li>Entretien\n<ul>\n<li>Contrat mensuel<\/li>\n<li>Contrat annuel<\/li>\n<li>A la demande<\/li>\n<li>Taille<\/li>\n<li>Etc,&#8230;<\/li>\n<\/ul>\n<\/li>\n<li>Arbres\n<ul>\n<li>Taille douce<\/li>\n<li>D\u00e9montage<\/li>\n<li>Abattage<\/li>\n<li>Broyage<\/li>\n<li>Plantation<\/li>\n<li>Etc,&#8230;<\/li>\n<\/ul>\n<\/li>\n<\/ul>\n<ul style=\"text-align: left;\">\n<li>Travaux divers\n<ul>\n<li>Fauchage de grande surface<\/li>\n<li>Transport<\/li>\n<li>\u00c9vacuation de d\u00e9chets<\/li>\n<li>Etc,&#8230;<\/li>\n<\/ul>\n<\/li>\n<\/ul>\n<p style=\"text-align: left;\">N&#8217;h\u00e9sitez pas \u00e0 me contacter su vous avez la moindre question.<\/p>\n","protected":false},"excerpt":{"rendered":"<p>Cr\u00e9ation de jardin Cl\u00f4tures plantations Terrassement Gazon en rouleaux \/ semis Gazon synth\u00e9tique etc,&#8230; Entretien Contrat mensuel Contrat annuel A la demande Taille Etc,&#8230; Arbres Taille douce D\u00e9montage Abattage Broyage Plantation Etc,&#8230; Travaux divers Fauchage de grande surface Transport \u00c9vacuation de d\u00e9chets Etc,&#8230; N&#8217;h\u00e9sitez pas \u00e0 me contacter su vous avez la moindre question.<\/p>\n","protected":false},"author":1,"featured_media":0,"parent":0,"menu_order":0,"comment_status":"closed","ping_status":"closed","template":"","meta":[],"_links":{"self":[{"href":"https:\/\/naturalife.be\/index.php?rest_route=\/wp\/v2\/pages\/82"}],"collection":[{"href":"https:\/\/naturalife.be\/index.php?rest_route=\/wp\/v2\/pages"}],"about":[{"href":"https:\/\/naturalife.be\/index.php?rest_route=\/wp\/v2\/types\/page"}],"author":[{"embeddable":true,"href":"https:\/\/naturalife.be\/index.php?rest_route=\/wp\/v2\/users\/1"}],"replies":[{"embeddable":true,"href":"https:\/\/naturalife.be\/index.php?rest_route=%2Fwp%2Fv2%2Fcomments&post=82"}],"version-history":[{"count":6,"href":"https:\/\/naturalife.be\/index.php?rest_route=\/wp\/v2\/pages\/82\/revisions"}],"predecessor-version":[{"id":257,"href":"https:\/\/naturalife.be\/index.php?rest_route=\/wp\/v2\/pages\/82\/revisions\/257"}],"wp:attachment":[{"href":"https:\/\/naturalife.be\/index.php?rest_route=%2Fwp%2Fv2%2Fmedia&parent=82"}],"curies":[{"name":"wp","href":"https:\/\/api.w.org\/{rel}","templated":true}]}}